2
Suppose -23*y + 146 + 176 = 0. What is the highest common divisor of y and 882?
14
Let c(l) = -4*l - 14. Let q be c(-11). Suppose -o = o - 22. Let g = 341 - o. What is the highest common factor of g and q?
30
Suppose u + 8 = 3*z - 4*z, -16 = z + 3*u. Let i(m) = -12*m + 32. Let d be i(z). Calculate the highest common factor of 10 and d.
10
Let f = -873 + 918. Suppose -14*z = -0*z - 5040. What is the highest common divisor of z and f?
45
Let h(v) = -2*v**3 - 52*v**2 - 55*v - 56. Let p(k) = k**3 - 14*k**2 + 22*k - 1. Let i be p(12). Let g be h(i). What is the highest common factor of 161 and g?
23
Let r be (-923)/(-4) - (-1)/(-4)*-1. Let b = -83 + 116. What is the greatest common divisor of r and b?
33
Let m be -2 + 6 + 16 - (1 - 3). Suppose 2*t = 3*r + 386, 7 = -4*r - 9. Calculate the highest common divisor of m and t.
11
Let k(z) = 6*z + 8. Let o(a) = -3*a - 4. Let i(f) = -3*k(f) - 5*o(f). Let t be i(-5). Suppose 34*m - 6*m = 616. What is the greatest common divisor of t and m?
11
Suppose -810 - 8160 = -30*p. Suppose 45 = p*b - 294*b. Calculate the greatest common factor of b and 3.
3
Suppose -34 = -0*d - 17*d. Suppose 76 = 3*p - 5*z, d*p + 5*z - 22 - 12 = 0. Calculate the highest common divisor of p and 176.
22
Suppose -18*x + 19*x - 4*s = 199, -5*x = -5*s - 1010. Calculate the greatest common divisor of 19691 and x.
203
Suppose 2*j - 16 = -3*k + k, -4*k + 2*j = -2. Let v(z) = -25*z - 486. Let b be v(-21). What is the highest common divisor of k and b?
3
Suppose -5*v + 5*m = -720, 680 - 650 = -5*m. Calculate the greatest common divisor of v and 20562.
138
Let c = -213 - -60. Let n = c - -186. Let d be 75/7 + 32/112. What is the greatest common divisor of d and n?
11
Let q be (-8)/((-40)/15) + -3. Suppose -6*u - 5 + 35 = q. Let j(p) = p**2 - p - 7. Let x be j(7). What is the highest common divisor of u and x?
5
Let s be 288*(-2 + (-12 - -15)). What is the highest common divisor of 342 and s?
18
Suppose -2 = 2*l, -4*r + 0*r + 4*l + 4 = 0. Suppose -17*a + 10*a + 1827 = r. What is the greatest common factor of 18 and a?
9
Suppose -c + 7 = 5. Suppose -2*u - 2*z = 2*z - 158, c = z. Suppose 0 = 7*v - 135 - u. Calculate the highest common factor of 10 and v.
10
Suppose 0 = 2*q + 3*l - 394, 5*q - 2*q - 572 = 5*l. Let r = q + -159. What is the highest common divisor of r and 10?
5
Let p(f) = 8*f**2 + 28*f - 123. Let y be p(16). Suppose 18*r - 57 = y. Let g(a) = 30*a. Let i be g(1). What is the highest common divisor of r and i?
15
Suppose 0 + 1 = -g, -d - 81 = 5*g. Let m = -62 - d. Suppose 54 = c + 2*k - m, -5*c + 346 = 4*k. What is the greatest common factor of 10 and c?
10
Suppose 5*m = -d + 424, -4*m = 467*d - 468*d + 433. Calculate the highest common divisor of 4554 and d.
33
Suppose -4*k = 185*c - 190*c - 13720, c - 13744 = -4*k. What is the highest common divisor of k and 15?
15
Suppose -16*j - 1053 = -19309. Suppose 22*b - j = 5371. What is the greatest common factor of b and 37?
37
Let l be 9*(-10)/(-30) - (1 - 5). Let h be ((-12)/l)/((-3)/42). What is the highest common factor of h and 48?
24
Suppose 2*u + 3*u = 0, 14*u = 2*n + 13*u - 432. Suppose y = -0*y + 8. What is the greatest common factor of y and n?
8
Let i be 17 - (-159 + 23 - -23). Calculate the highest common divisor of i and 640.
10
Let y(b) = b**3 + 5*b**2 - 7*b + 5. Suppose n + n + 12 = 0. Let c be y(n). Suppose 235 + 447 = 31*a. What is the highest common factor of a and c?
11
Let w(k) = 22*k**2 - 28*k + 44. Let u be w(-8). What is the highest common divisor of 4 and u?
4
Let i = 568 - 313. Let j = 30 - 15. What is the greatest common divisor of i and j?
15
Let w(v) be the third derivative of v**5/60 + v**4/12 - 13*v**3/2 - 2*v**2 + 2. Let c be w(-9). Calculate the greatest common factor of c and 32.
8
Suppose -k - 11 = -11. Suppose r + 4*f - 112 = k, -r - 3*f + 336 = 2*r. What is the highest common divisor of r and 28?
28
Suppose 4*i + 0*i = 284. Let m(p) = -4*p**2 - 211*p - 96. Let l be m(-49). Calculate the greatest common divisor of l and i.
71
Let h(k) = k + 26. Let r(m) = 27. Let t(s) = -6*h(s) + 5*r(s). Let d be t(-7). Suppose -15*w + 98 = -8*w. What is the greatest common factor of w and d?
7
Let t be (-11)/(44/(-48)) - 5. Suppose 3 = t*i - 144. Calculate the highest common divisor of i and 84.
21
Let c = 196 + -176. Let k be (c + -12)/((-2)/(-15)). What is the highest common divisor of 8 and k?
4
Suppose -10*l + 9656 + 1698 = -11686. What is the highest common factor of l and 90?
18
Let m(t) = 4*t**3 - 8*t**2 + 10*t + 10. Let a be m(6). Suppose -a + 162 = -4*y. Calculate the highest common factor of y and 44.
11
Let t = -165 - -328. Suppose 0 = 5*x - t + 53. Let s be ((-3)/4)/(2/(-352)). What is the highest common factor of x and s?
22
Suppose 337*k - 729872 = -235*k. What is the highest common factor of k and 4988?
116
Suppose 19*q + 10175 = 98*q + 106*q. Calculate the greatest common factor of q and 2005.
5
Let k be 1*(-6)/24*2*2*-962. What is the greatest common divisor of 1480 and k?
74
Suppose 136*u = 141*u - 945. Let c(d) = -2*d + 9. Let r be c(-6). Calculate the highest common divisor of r and u.
21
Let x = -17 + 17. Let f(d) = 33 - d**2 + x*d**2 + 3*d**2 - 20. Let o be f(4). Calculate the greatest common factor of o and 45.
45
Let i(p) = 14*p**2 - 70*p + 409. Let k be i(6). What is the highest common divisor of 348 and k?
29
Suppose 2*o + 8 = z + 4, 0 = -z - 3*o - 1. Let l(v) = 11 - v**z + 6 - 4 + 15*v - 5*v. Let g be l(10). Calculate the highest common divisor of 39 and g.
13
Let m be (6/(-10) + 77/70)*138. Calculate the greatest common divisor of 299 and m.
23
Suppose -394 = 2*i - 4*b - b, 4*b = -3*i - 637. Let j = i - -219. What is the greatest common factor of j and 36?
12
Suppose 171 = 23*z - 4*z. Suppose -z*i - v = -6*i - 187, 0 = 4*i + 3*v - 241. What is the highest common divisor of 80 and i?
16
Let c = 60519 + -60391. Suppose -y - 3*m + 153 = 2*y, 147 = 3*y + m. What is the greatest common factor of c and y?
16
Suppose 12*h - 1762 - 493 = -335. What is the greatest common divisor of h and 5800?
40
Suppose -37*g - 956 = -39*g + 5*r, -1940 = -4*g + 3*r. Let b = g - 438. Calculate the highest common factor of 90 and b.
10
Suppose 2*u = -3*j + 29, 4*u - 31 - 22 = -5*j. Let i be 4312/147 - u/3. What is the greatest common factor of i and 1107?
27
Suppose 3*b + m = 16, 3*b + 15 = 7*b - 5*m. Let z be -2 + 593 + b + -7. Calculate the highest common divisor of 19 and z.
19
Let o be (-3016)/(-39) + 6/27*3. Suppose -5*y = o - 103. What is the greatest common factor of y and 95?
5
Suppose -u - 15*u + 656 = 0. Suppose 0 = z + 32 - u. Suppose -z*c = -c - 32. What is the highest common divisor of 4 and c?
4
Let g(n) = 2*n**3 - 147*n**2 + 264*n + 58. Let o be g(72). Calculate the greatest common divisor of o and 14.
14
Let v be (50/(5 + 5) + -6)*-802. Calculate the greatest common divisor of v and 10.
2
Suppose -5 = 3*o - 83. Suppose 0 = 5*n + o - 136. What is the greatest common divisor of 374 and n?
22
Let d = 22 - -28. Let n(y) = 13*y + 36. Let k be n(3). Calculate the highest common factor of k and d.
25
Let q be 125/2 - 2/(-4). Suppose x - 9 = -0*x. Suppose 2*p + 22 = 2*a, 0 = a + 4*p - 0 + x. What is the greatest common factor of a and q?
7
Let b(j) = j**3 + 13*j**2 + j + 8. Let r be b(-13). Let t be ((-4)/12)/(r/315). Let u be (-443)/(-7) - 4/14*1. What is the highest common factor of t and u?
21
Suppose 8 = 8*o - 0. Let d be 0/((o + -4)/(-1)). Suppose 2*u + v + 2*v - 16 = d, u - 3 = -4*v. What is the greatest common divisor of 143 and u?
11
Let m = -2704 + 2740. Suppose -15*x + 6*x = -324. Calculate the greatest common factor of m and x.
36
Let g be 2004/50 + 34/(-425). What is the greatest common divisor of g and 190?
10
Let k be (-4 + -563)/(-7) - 4*(-15)/(-10). Calculate the highest common factor of k and 825.
75
Suppose 4*l - 2*n = 8*l - 58, -3*l + 48 = 3*n. Calculate the highest common factor of 16 and l.
1
Let a be (-1)/3*(230/(-25) + 5/25). Calculate the highest common divisor of 3153 and a.
3
Let u be (-6350)/(-18) + 9300/4185. Let p(g) = g. Let l be p(5). Calculate the greatest common factor of l and u.
5
Let r = -12610 - -13595. What is the highest common factor of 1379 and r?
197
Let f = -4258 + 4444. What is the greatest common factor of f and